
17
Suppose -13 = 2*u - 3, 2*f = 3*u + 21. Suppose -f*h - 3 = -3*t, -5*t + 4*t + 13 = 3*h. Let k(d) = 2*d**2 - 3*d**3 - 2*d + 3*d**3 + d**h - 4*d**2. What is k(3)?
3
Suppose 13*a = 27*a. Let c(o) be the third derivative of 1/30*o**5 - 3/40*o**6 + a*o - 1/24*o**4 + 0*o**3 + 2*o**2 + 0. Calculate c(1).
-8
Let t = -908 + 918. Let s = 4 - -4. Let i(p) = 2*p**2 + t - s - 3*p**2 + p. Give i(3).
-4
Let w(q) = 1. Let t(a) = a**3 - 4*a**2 - 3*a + 2. Let i(z) = t(z) + 3*w(z). What is i(4)?
-7
Let g(u) = -u**3 + 0*u**3 + 17 - 8*u - 7 + 8*u**2. Let y be g(7). Let k(d) = 7*d**3 - 2*d + d**y + 1 + d. Calculate k(1).
8
Let g(z) = 2 - 2 + 1 + 12*z. Suppose 34*p + 7 = 41*p. Determine g(p).
13
Let b = -57 + 33. Let t = b + 21. Let j(n) = n - n**2 + 1 - 3 + 2*n**2. What is j(t)?
4
Let o(p) be the first derivative of p**2/2 - p + 3. Let a = 9 - 5. Let x be ((-16)/(-10))/(a/20). What is o(x)?
7
Let g(s) = s + 12. Let q(p) = p**2 + 11*p + 28. Let y be q(-7). Suppose 3*a - 3*v = y, -2*a + 3*a = 2*v. Determine g(a).
12
Let j(s) = s**3 - 5*s**2 - s + 2. Let m = -11 - -14. Suppose -5*z = -2 - m. Let a be (-8)/(-2) + z/1. Give j(a).
-3
Let h(a) = -38*a + 13. Let k be h(-2). Suppose -y - k + 93 = 0. Let w(g) = g**2 - 3*g - 1. Determine w(y).
3
Suppose 0 = 3*b + 4*a - 24, 2*b + 3*a - 16 = 1. Let m(g) be the first derivative of -3 - 1/3*g**3 + 5*g + 2*g**2. What is m(b)?
5
Suppose 8*p - 3*p = 435. Let z(t) = p*t - 88*t - 2 - 3 - t**2. Determine z(0).
-5
Let b = 29 + -5. Let v(j) = -11*j - 14*j + b*j. Determine v(-2).
2
Let q(w) = 23*w + 13 - 20*w - 3. Give q(-7).
-11
Let j be 0/(-6)*(-2)/4. Let o(k) = k. Let t be o(j). Let y(b) = -2 + t*b - 4*b**2 - 2*b + 2 + 1. Calculate y(-2).
-11
Let t(l) = l**2 - 6*l + 3. Let c(o) = o**2 - 13*o + 14. Let m be c(12). Let r = m + 2. What is t(r)?
-5
Let f(l) = -l**3 - 6 + 4*l**2 - 68*l - 67*l + 137*l. Give f(4).
2
Let q be (-256)/(-96)*18/(-8). Suppose 0 = -4*h + 2*h + 2*s + 18, 0 = -h - 5*s - 3. Let u(y) = y**3 + y**3 + 9 - 5*y**2 + h*y - 3*y**3. Determine u(q).
3
Let w be 147/(-15)*-6 + 5/25. Let n = -53 + w. Let d(k) = k**2 - 6*k + 8. Determine d(n).
8
Let c(b) = -1. Let z(l) = -l. Let u(v) = 3*c(v) - 3*z(v). Let m = -492 + 494. Give u(m).
3
Let z(h) = 10 - 34*h - 5 + 30*h + h**2. Calculate z(5).
10
Suppose 5*c - 3 - 2 = 0. Let m(x) = -c + 9*x**3 + 2*x**2 - 3*x + 2 - 8*x**3. Determine m(2).
11
Let j(s) = -18*s - 10. Let k(p) = -4*p - 2. Let g(v) = -8*j(v) + 40*k(v). Give g(-3).
48
Let j(s) = -3*s + 6. Suppose 2*d - 36 = -2*d. Let l(q) = -q**2 + 9*q + 5. Let k be l(d). Determine j(k).
-9
Let u(d) = -2*d - 3. Let b = -103 - -74. Let k = b - -26. Calculate u(k).
3
Let v(w) = 2*w + 9. Let x be (192/(-168))/((-3)/21). Give v(x).
25
Let q(l) = -21*l**2 + 1. Let t(k) = -5*k**3 + 17*k**2 + 9*k - 3. Let i(a) = -a**3 + a**2 + 1. Let d(h) = 6*i(h) - t(h). Let j be d(-10). Calculate q(j).
-20
Let z(d) = 2*d**3 + 10*d**2 - 8*d - 6. Let q(j) = 3*j**3 + 11*j**2 - 9*j - 7. Let o(i) = -3*q(i) + 4*z(i). What is o(6)?
3
Let x(q) = 5*q + 1. Let u(b) = -6*b - 2. Let v(r) = -2*u(r) - 3*x(r). Let l(t) = t**2 - 7*t - 5. Let n be l(8). Let j be 7/n - 4/12. Determine v(j).
-5
Let v(c) = -c**3 - 6*c**2 - 2*c - 9. Let d(h) = -8*h - 54. Let r be d(-6). What is v(r)?
3
Let l(y) = y**3 - 6*y**2 + 7*y - 4. Let r(h) = -h**2 - 9*h + 5. Suppose 5*o + 56 = 1. Let n = 2 + o. Let d be r(n). Give l(d).
6
Let i(u) = -u**3 - 5*u**2 - 1. Let d(p) = 2*p + 6. Let q(c) = 2*c + 7. Let x(v) = 6*d(v) - 5*q(v). Let z be (3 + 0 - 0)/(-1). Let k be x(z). What is i(k)?
-1
Let l = 163/5160 + -1/43. Let w(k) be the third derivative of -1/3*k**3 - 8*k**2 - 1/10*k**5 - l*k**6 - 5/24*k**4 + 0*k + 0. Determine w(-5).
-2
Let m be (0 + -6 + 1)*-1. Let z = 5 - m. Let t(j) = 132 - 14*j - 65 + 13*j - 70. Determine t(z).
-3
Let n(p) be the first derivative of -7/2*p**2 - 3 + 0*p. Calculate n(1).
-7
Let c(h) = -5*h**3 - 2*h**2 + 3*h + 1. Let r(w) = 4*w - 4*w**2 + 16 - 6*w**3 + 3*w**2 - 6 - 9. Let y(j) = 5*c(j) - 4*r(j). What is y(-6)?
7
Let h(k) = 24 + 62*k**2 + 1 - 16*k - 3 - 60*k**2 + 22. Give h(6).
20
Let b be -2 + (-9)/(-12)*8. Let v(d) = -d**2 + 5*d - 6. Determine v(b).
-2
Let q(p) = 16*p**2 - 13*p + 7. Let s(u) = -3*u**2 - 1. Let o(x) = q(x) + 5*s(x). What is o(11)?
-20
Let x(r) be the third derivative of -r**9/60480 - r**8/2520 - r**7/560 + r**6/144 + 3*r**5/5 + 9*r**2. Let t(p) be the third derivative of x(p). Give t(-7).
19
Let p(x) be the second derivative of -2*x**2 - 1/6*x**3 + 0 + 7*x. Calculate p(5).
-9
Let s(z) = z**3 + 4*z**2 - 7*z - 7. Let r be (4 - (-6 - -5)) + -10. What is s(r)?
3
Let v be -1 + 11 - 2/(-2). Let d = -8 + v. Let r(h) = -8*h**2 + 7*h**2 + d*h**2. What is r(1)?
2
Let z(s) be the first derivative of -4 - 1/6*s**4 - 1/6*s**3 + 1/2*s**2 - 4*s. Let o(d) be the first derivative of z(d). Determine o(-2).
-5
Let k(l) = l**2 + 18*l - 95. Let x be k(4). Let o(z) = -z**2 - 9*z - 11. Determine o(x).
3
Let a(y) = -13*y + 11. Let x be a(-4). Let w(i) = 4*i**2 + 2*i**2 - 3 - 4*i + x*i**3 - 64*i**3 + 6. Let k = 6 - 1. What is w(k)?
8
Let p(h) = -45*h**2 - 2*h - 1. Let r(y) = -7*y + 83. Let b be r(12). What is p(b)?
-44
Let f be -2*2*11/(-11). Let g(y) = -f*y - y + y + y**2 + 4. Determine g(5).
9
Let q(k) = k**2 - 7*k - 13. Let h(c) = c**2 - 3*c - 7. Let g(a) = -5*h(a) + 3*q(a). Suppose 0 = -0*l - 2*l - 8. Calculate g(l).
-12
Let n(b) be the second derivative of -13*b + 1/6*b**3 - 2*b**2 + 0. Determine n(6).
2
Let y(s) = s + 3. Let p(h) = -2*h - 19. Let r(c) = -p(c) - 3*y(c). Calculate r(9).
1
Let p(k) = k + 8. Let v(o) = -8*o - 15. Let x be v(-7). Suppose -x - 91 = 4*l. Let b = -33 - l. What is p(b)?
8
Let d(p) = -4*p**3 + 10. Suppose 0*w + w + 3 = 0. Let c(u) = -7*u**3 + 19. Let j(o) = w*c(o) + 5*d(o). Let q(y) = -y + 8. Let g be q(8). What is j(g)?
-7
Suppose 7*x - 9*x = 12. Let k(q) = -6 - 2*q + q + 0 - 3. Calculate k(x).
-3
Let x(q) = q**3 - 2*q**2 + 1. Let y(b) = -3*b**3 + 10*b**2 - 8*b + 2. Let p(o) = 2*x(o) + y(o). Calculate p(5).
-11
Let w(t) = 4*t**2 - 1. Let a be w(1). Let q(g) = -4 - 3*g**2 + 7 - 6*g + g**2 + 3*g**2. Let h be q(a). Let u(j) = j**2 + 7*j + 6. Determine u(h).
0
Let q(l) = 61*l - 30*l - 5*l**2 + l**3 - 27*l. Determine q(4).
0
Let s(c) = 3*c - 7. Let q(b) = b. Let v(w) = -7*q(w) + 2*s(w). Suppose -1 = y + 7. What is v(y)?
-6
Suppose -3*f - 9 + 3 = -4*w, 0 = 5*w - 5*f - 5. Suppose -2*n - w + 1 = 0. Let y(h) = 10*h - 1. Let l(x) = -19*x + 3. Let v(c) = 2*l(c) + 5*y(c). Give v(n).
-11
Let a(o) = -o**3 - 3*o**2 + 5*o + 6. Suppose 2 = -w - 0, -3*h - 3*w = -27. Let q = -38 - -53. Let n = h - q. Give a(n).
2
Let o(l) = -l**2 + 8*l + 12. Let u = -328 - -337. What is o(u)?
3
Let q(o) = -o - 8. Let b be q(6). Let j be (-3)/21 + (-780)/(-70). Let r = j + b. Let t(w) = w**3 + w**2 - 3*w + 1. Give t(r).
-8
Suppose -n = -b, -b - 2*n - 6 = -n. Let c(j) = 1. Let z(a) = -a**3 - 4*a**2 - 3*a - 2. Let t(h) = b*c(h) - z(h). Calculate t(-4).
-13
Let h(r) be the second derivative of 0 + r**2 + 1/3*r**4 + 7*r + 1/6*r**3. Give h(-2).
16
Let b = 9 - 0. Let t(v) = -5 + 14*v - 6*v + 8 - b*v. Calculate t(5).
-2
Let w = 43 - 41. Let t(r) = 6 + 4*r + 2*r**w - r**2 + r**2 - r**2. What is t(-5)?
11
Let o = -231 - -235. Let b(c) = -c**3 + 4*c**2 - 2*c - 4. What is b(o)?
-12
Suppose 14*v - 4*y = -12 + 8, v + y = 1. Let s(j) = 1. Let t(d) = d**3 + d**2 + d + 9. Let h(g) = 4*s(g) - t(g). Determine h(v).
-5
Let a be (-1)/25*5 + 62/10. Let n(m) = 2*m - 3. Give n(a).
9
Let v(a) = 2*a**2 + a. Let s be v(1). Let h = -22 + 27. Let i(g) = h*g - 1 - 3*g - g. What is i(s)?
2
Let m(i) = i**2 - 5*i - 1 + 12 - 6 - 6. Let x = 8 + -4. Determine m(x).
-5
Let g(t) be the third derivative of -t**8/20160 + t**7/1260 - t**6/144 - 2*t**5/15 + 22*t**2. Let i(y) be the third derivative of g(y). Determine i(6).
-17
Let c(s) = -s**3 + 5*s**2 - 2*s. Let o = 16 + 26. Let w be (-92)/(-28) - 12/o. Calculate c(w).
12
Let y(n) be the second derivative of -3*n + 0 - 3*n**2 - 1/8*n**4 + 0*n**3. Let q(b) be the first derivative of y(b). Calculate q(1).
-3
Let d(t) = 2*t + 11. Let k(b) = -b - 1. Let v(h) = d(h) + 3*k(h). Let a be v(14). Let o(m) = -m**2 - 4*m + 6. Calculate o(a).
-6
Let y(s) = -s + 3. Let a(v) be the first derivative of v**2/2 - 3*v + 7. Let i be a(-7). Let b be (-11)/33 - i/3. Give y(b).
0
Let p(s) = -7*